ide 17772872?
False
Is 2497 a factor of 167103415?
False
Is 5692 a factor of 913048028?
True
Does 651 divide 7424655?
True
Is 236202783 a multiple of 37?
True
Is 1100067498 a multiple of 222?
True
Is 116 a factor of 57039752?
True
Does 7409 divide 1400189865?
True
Does 5103 divide 481177179?
True
Does 5 divide 1187920?
True
Is 356 a factor of 545077845?
False
Does 565 divide 20266550?
True
Is 7800680 a multiple of 5?
True
Does 31 divide 212614912?
False
Is 2725099325 a multiple of 118?
False
Is 974004467 a multiple of 19?
True
Does 58 divide 1282039482?
True
Does 15 divide 769394775?
True
Does 18 divide 307521519?
False
Is 18109365 a multiple of 166?
False
Does 36 divide 30646476?
True
Does 68 divide 396005344?
True
Is 138162034 a multiple of 9?
False
Is 15348436 a multiple of 33?
False
Is 78277283 a multiple of 1506?
False
Does 437 divide 145227894?
False
Is 171 a factor of 148702284?
True
Is 8987 a factor of 1875487737?
False
Is 18934770 a multiple of 255?
True
Does 140 divide 274361920?
True
Is 70 a factor of 688155790?
True
Does 8 divide 10657500?
False
Does 1238 divide 46302438?
True
Is 73 a factor of 1803725971?
False
Does 18 divide 1345906584?
True
Does 19 divide 84708235?
False
Is 186227010 a multiple of 3447?
False
Does 75 divide 395245849?
False
Is 1332729734 a multiple of 97?
False
Does 86 divide 21208462?
False
Is 2421 a factor of 1481625369?
True
Is 10 a factor of 249515637?
False
Is 106228833 a multiple of 49?
False
Does 3143 divide 521335696?
True
Does 191 divide 175475593?
False
Is 3158 a factor of 259256010?
True
Does 213 divide 527814?
True
Is 1308 a factor of 1348028724?
True
Is 631679872 a multiple of 16?
True
Does 42 divide 1105050282?
True
Is 266 a factor of 64387694?
True
Is 36629624 a multiple of 4?
True
Does 798 divide 195241872?
True
Is 157695861 a multiple of 2?
False
Does 15 divide 571000650?
True
Is 2529 a factor of 496886690?
False
Is 73 a factor of 1048141835?
False
Is 2330 a factor of 60851427?
False
Is 76751517 a multiple of 49?
False
Is 5 a factor of 1350700?
True
Does 8 divide 143700536?
True
Does 224 divide 7785197?
False
Does 5841 divide 2681445393?
True
Is 14 a factor of 899550946?
True
Is 6671462 a multiple of 329?
True
Is 16 a factor of 63023043?
False
Is 82 a factor of 1325253660?
True
Does 286 divide 85780838?
True
Does 72 divide 197506152?
True
Is 345 a factor of 534816?
False
Is 84 a factor of 63128643?
False
Is 13 a factor of 179995543?
True
Does 41 divide 143669576?
True
Is 23 a factor of 86063349?
False
Does 5664 divide 192785113?
False
Is 161 a factor of 154401040?
False
Is 246359406 a multiple of 6055?
False
Is 53 a factor of 44536615?
False
Does 386 divide 16269825?
False
Does 104 divide 58748535?
False
Does 150 divide 234810750?
True
Is 983928576 a multiple of 768?
True
Is 667 a factor of 127320295?
True
Does 14 divide 67644052?
True
Is 2400326 a multiple of 46?
True
Is 4288339 a multiple of 2?
False
Is 1979424372 a multiple of 111?
True
Is 413 a factor of 7003654?
True
Is 3409692 a multiple of 101?
False
Is 9 a factor of 1366042?
False
Is 190 a factor of 63677884?
False
Does 5 divide 799665475?
True
Is 149754475 a multiple of 24?
False
Is 373070 a multiple of 10?
True
Is 3428 a factor of 284539804?
False
Is 3376715 a multiple of 111?
False
Is 66818682 a multiple of 54?
True
Is 264139066 a multiple of 48?
False
Is 56 a factor of 1351710024?
True
Is 15606486 a multiple of 1007?
True
Is 266277816 a multiple of 504?
True
Is 5 a factor of 5867401?
False
Does 907 divide 328153?
False
Does 68 divide 2521544380?
True
Is 46 a factor of 140126808?
False
Is 19620744 a multiple of 1716?
True
Is 3949 a factor of 1261675304?
False
Is 8 a factor of 6244272480?
True
Does 1162 divide 18290130?
False
Is 12 a factor of 2602436604?
True
Is 93 a factor of 3663735?
True
Is 55268400 a multiple of 237?
True
Does 121 divide 1548999408?
True
Is 270 a factor of 1115673797?
False
Is 730 a factor of 5710800950?
True
Is 5 a factor of 116797379?
False
Does 24 divide 5275621?
False
Is 145 a factor of 1304222075?
True
Does 406 divide 109153506?
True
Does 77 divide 779942163?
True
Is 5 a factor of 824118317?
False
Does 448 divide 109066675?
False
Is 1595 a factor of 7075815?
False
Is 43769640 a multiple of 24?
True
Does 586 divide 167115052?
False
Does 15 divide 16798825?
False
Is 2088 a factor of 35767440?
True
Is 7155 a factor of 1210661775?
True
Is 104686764 a multiple of 14?
True
Does 15 divide 11272080?
True
Is 549579029 a multiple of 64?
False
Is 20 a factor of 328283838?
False
Is 1095 a factor of 113704800?
True
Is 6379436167 a multiple of 331?
False
Does 2926 divide 2670484148?
False
Is 1998296004 a multiple of 1982?
True
Is 939 a factor of 1568395115?
False
Is 6 a factor of 66632277?
False
Does 159 divide 138499096?
False
Is 88 a factor of 26303464?
True
Is 6 a factor of 16461546?
True
Is 33876226 a multiple of 19?
False
Is 114768436 a multiple of 437?
True
Is 67 a factor of 16219293?
True
Does 6590 divide 147813700?
True
Is 176446188 a multiple of 2004?
True
Is 17 a factor of 1225884637?
True
Is 19629456 a multiple of 168?
True
Is 12 a factor of 2405016?
True
Does 6 divide 324503736?
True
Does 15 divide 42382933?
False
Is 724055250 a multiple of 50?
True
Does 3324 divide 6906331090?
False
Is 54324540 a multiple of 180?
True
Does 653 divide 24845344?
True
Does 3549 divide 159399786?
True
Does 312 divide 358901472?
False
Does 30 divide 59274955?
False
Is 7168703 a multiple of 143?
False
Does 22 divide 614255881?
False
Is 309 a factor of 347850879?
True
Is 21469662 a multiple of 417?
True
Does 327 divide 83559954?
False
Is 159346026 a multiple of 9?
True
Does 268 divide 10033116?
True
Is 268892016 a multiple of 93?
True
Does 267 divide 850488450?
True
Does 57 divide 13837719?
True
Is 88 a factor of 2106107?
False
Is 146 a factor of 18194374?
True
Does 319 divide 668835838?
False
Is 42988104 a multiple of 23?
True
Is 757814118 a multiple of 10?
False
Is 18987250 a multiple of 53?
True
Does 18 divide 464527602?
True
Does 96 divide 31935928?
False
Does 3148 divide 104780225?
False
Is 55175720 a multiple of 244?
True
Does 14 divide 2532040308?
True
Does 3225 divide 1429441180?
False
Is 1110 a factor of 1756234475?
False
Does 338 divide 9605284?
True
Is 462 a factor of 21956088?
True
Is 15 a factor of 75011565?
True
Is 364713315 a multiple of 153?
False
Is 418 a factor of 8287811?
False
Is 91842004 a multiple of 1099?
False
Does 739 divide 241214264?
False
Does 200 divide 828124856?
False
Is 1362 a factor of 46322021?
False
Does 272 divide 5681310?
False
Is 2324114 a multiple of 2?
True
Is 313 a factor of 3693093?
False
Does 546 divide 1639921?
False
Is 419050341 a multiple of 81?
True
Is 88403244 a multiple of 2206?
True
Does 11 divide 9021961?
False
Does 1050 divide 229839589?
False
Is 1246933801 a multiple of 6169?
True
Does 4 divide 1095192?
True
Does 47 divide 35310865?
True
Is 243 a factor of 994934426?
False
Does 9 divide 328617214?
False
Does 164 divide 56433311?
False
Is 7 a factor of 14753025?
True
Does 1766 divide 51178112?
False
Is 64043575 a multiple of 25?
True
Is 28 a factor of 542506139?
False
Is 368181416 a multiple of 100?
False
Does 58 divide 3583633245?
False
Does 1401 divide 519024267?
True
Does 11 divide 84980941?
False
Is 708562750 a multiple of 14?
True
Is 592 a factor of 11551104?
True
Is 22961376 a multiple of 7?
False
Is 218 a factor of 29822162?
False
Does 148 divide 70545384?
True
Does 13 divide 11419838?
False
Is 544713305 a multiple of 62?
False
Does 94 divide 2099719266?
True
Is 4 a factor of 13735604?
True
Is 5588 a factor of 813274944?
False
Is 57 a factor of 200302577?
False
Is 27450539 a multiple of 13?
False
Does 13 divide 806226213?
True
Is 39 a factor of 2247617?
False
Does 17 divide 394482688?
True
Does 151 divide 27450894?
True
Is 1049697195 a multiple of 1214?
False
Is 3046823950 a multiple of 120?
False
Is 2188 a factor of 383626416?
True
Does 79 divide 37393462?
False
Is 15 a factor of 178686435?
True
Does 1034 divide 22747306?
False
Is 192 a factor of 1165817431?
False
Does 321 divide 33690876?
True
Does 5 divide 6223202?
False
Does 487 divide 45577628?
False
Is 5422978 a multiple of 68?
False
Is 627 a factor of 177589790?
False
Is 16828306 a multiple of 7?
False
Is 21494121